 -2. Calculate the remainder when w is divided by k.
0
Suppose 21 = b - 23. What is the remainder when 351 is divided by b?
43
Let z = 255 + -239. Let i(q) = 3*q**2 - 8*q + 1. What is the remainder when i(6) is divided by z?
13
Suppose 0 = r + r - 14. Let w = 56 - 31. What is the remainder when w is divided by r?
4
Suppose -2*z = 5*n - 5, 6*z = -n + z + 1. Calculate the remainder when 26*1 - (1 + n) is divided by 13.
11
Let t(m) be the third derivative of m**4/24 + m**3 + 3*m**2. Suppose 5 = 4*l - 3. Calculate the remainder when t(0) is divided by l.
0
Suppose -3*h - 164 = -4*l, 0 = -3*l - 0*l - 4*h + 98. What is the remainder when 72 is divided by l?
34
Suppose 0*p + 10 = 2*p. Suppose 141 = 5*v - 2*g - 74, -220 = -p*v + g. What is the remainder when v is divided by 12?
9
Let n(j) = 2*j. Let b be n(-3). Let t = 21 + b. Calculate the remainder when t is divided by 4.
3
What is the remainder when (24/10)/(2/45) is divided by (14/3)/(1/3)?
12
Suppose -44 + 2 = -2*x + 4*h, 21 = x - 3*h. Let a = -339 + 238. Let y = a - -141. Calculate the remainder when y is divided by x.
19
Let i(d) = 11*d**3 - 13. Let y(u) = 5*u**3 - 6. Let w(q) = -2*i(q) + 5*y(q). Let k = -49 + 75. Calculate the remainder when w(3) is divided by k.
25
Let m be (3/6)/(1/8). Let k be (-1335)/(-9) + m/(-12). Suppose d - k = -3*d. What is the remainder when d is divided by 13?
11
Let f = -1 - -3. Suppose 22 = 3*o + 4. Let c = o - f. What is the remainder when 10 is divided by c?
2
Suppose -563 = 5*y - 1953. Suppose -5*i = -y + 103. Calculate the remainder when i is divided by 12.
11
Suppose 621 = -2*h + 11*h. Calculate the remainder when h is divided by 14.
13
Let p = -155 + 188. Calculate the remainder when 162 is divided by p.
30
What is the remainder when (-2)/10 - 1012/(-10) is divided by (12 - 10)*1*13?
23
Let w be (-2)/(-12) - 58/(-12). Let f(m) = 7*m + 7. Calculate the remainder when f(w) is divided by 15.
12
Suppose 4*u + 2*m - 96 = 298, m = 3*u - 303. What is the remainder when u is divided by 26?
22
Suppose 0 = 6*h - h + 5*j - 200, 3*j = 4*h - 188. What is the remainder when h is divided by 9?
8
Let p(c) = c + 40. Calculate the remainder when 48 is divided by p(-23).
14
Let c(f) be the first derivative of f**2/2 + 9*f - 3. Calculate the remainder when 3 is divided by c(-6).
0
Let g be 4 - 3*3/9. Let p be 0 - 1 - (-6 - -2). Suppose u = -4*n + n + 49, -p*n + g*u = -33. What is the remainder when 43 is divided by n?
13
Suppose 1030 = 3*h + 2*h. Suppose -t - t + 5*n + 95 = 0, 2*n = 5*t - h. Calculate the remainder when t is divided by 21.
19
Let q(g) = -16*g**3 + 2*g**2 + g. What is the remainder when q(-1) is divided by 7?
3
Let f = -26 + 0. Let o = f - -49. Calculate the remainder when o is divided by 6.
5
Suppose 0 = -9*b + 63. What is the remainder when 21 is divided by b?
0
Let t(k) = -1. Let y(f) = -3*f + 9. Let v(b) = 2*t(b) - y(b). What is the remainder when v(11) is divided by 12?
10
Let z(a) = a**2 - 10*a. Let b be z(10). Let r(v) = v + 18. Calculate the remainder when 53 is divided by r(b).
17
Suppose j + 2*h - 7 = 0, 2*j + 42 = 4*j - 3*h. Calculate the remainder when 88 is divided by j.
13
Suppose 2*m = -m + 36. Calculate the remainder when m is divided by 7.
5
Calculate the remainder when 18 is divided by (-1 + 34)*5/15.
7
Let d(g) = 2*g + 0*g - g. Let w be d(-4). Let b(m) = -3*m + 2. Calculate the remainder when b(w) is divided by 5.
4
Let r = -10 + 14. Suppose r*h = 2 - 42. Let c = 17 + h. Calculate the remainder when c is divided by 4.
3
Let v = 26 + 25. Calculate the remainder when v is divided by 13.
12
Let q = 39 + -16. Suppose 4*k + 28 = 4*f, 3*f - 3*k = -2*k + 11. Suppose -f*g = -2 - 22. Calculate the remainder when q is divided by g.
11
Suppose 4*o + 3*x - 47 = 2*x, -3*x + 9 = 0. Suppose -2*b + 120 = 2*b. Calculate the remainder when b is divided by o.
8
Suppose 88 = -2*t + 30. Let s = -17 - t. What is the remainder when s is divided by 5?
2
Let j(d) = d**2 - 12*d. Let s be j(12). Suppose s = -v + 4 + 5. Calculate the remainder when 34 is divided by v.
7
Let h(i) = -i**3 - 6*i**2 + 5*i + 4. Calculate the remainder when h(-7) is divided by 10.
8
Let k(v) be the first derivative of -v**3/3 - 13*v**2/2 + 14*v - 10. Calculate the remainder when k(-12) is divided by 14.
12
Let g be (-3 - (0 - 0)) + 6. Suppose 0 = s - t - g*t - 16, -4*s - 5*t = -148. Calculate the remainder when s is divided by 17.
15
Suppose -4*c = l + 3*l - 64, -35 = -5*l + 4*c. What is the remainder when 131 is divided by l?
10
Suppose 5*f = -25, -2*f + 8 = -3*v + 27. Suppose 3*j - 4 = v*q - 1, j + 5*q = 25. What is the remainder when j is divided by 3?
2
Let f be ((-3)/(-4))/((-1)/4). Let i = f + 5. Suppose -5*c + 3 = s - c, i*c = -4*s + 26. What is the remainder when 13 is divided by s?
6
What is the remainder when 116 is divided by 12/15*(49 - (-3)/3)?
36
Let b(p) = p + 4. Let x be b(3). Suppose 0 = x*k - 10*k + 24. Suppose 2*l - k = 24. Calculate the remainder when 47 is divided by l.
15
Suppose -4*m - 3*p + 89 = -0*m, 4*p + 28 = 2*m. Let z(q) = 3 + 2*q - q - q**2 - q**2 + 4*q**2. Calculate the remainder when z(5) is divided by m.
18
Let u be -2 + -2 + 2 + 2. Let j be 45/3 + 1 + u. Suppose 0 = 5*p + 1 - j. Calculate the remainder when 8 is divided by p.
2
Suppose -5 = -4*z + 3*z + 2*v, -5*z + 10 = 5*v. Suppose -26 - 121 = -z*n. Calculate the remainder when n is divided by 13.
10
Suppose 0 = -5*s + 5, -4*q - 2*s + 6*s - 136 = 0. Calculate the remainder when 21 is divided by 2/(0 - 6/q).
10
Let o = -11 + 13. Suppose 0 = -g - o + 28. Calculate the remainder when 75 is divided by g.
23
Let g(t) = -t**2 + 3*t + 2. Let r be 35/11 + (-2)/11. Calculate the remainder when g(r) is divided by 2.
0
Suppose -3*c + 256 - 91 = 0. Suppose 0*y - 26 = 5*w + 2*y, 2*w = -3*y - 17. What is the remainder when c is divided by (-154)/(-8) + w/16?
17
Suppose 7 = -4*u + 35. Let s = u + 2. What is the remainder when 40/4*(-6)/(-4) is divided by s?
6
Suppose -2*w + 0*w = -16. Let q(f) = f + 7. Calculate the remainder when 43 is divided by q(w).
13
Suppose 13 + 2 = 3*z. Suppose z*p = 3*p + 124. Calculate the remainder when p is divided by 16.
14
Suppose 133 + 10 = 11*a. What is the remainder when 74 is divided by a?
9
Suppose -53 = 3*l - 4*w, -5*l + w - 22 = 38. Let x = l + 15. What is the remainder when x is divided by 3?
1
Suppose -3*t + 4*z + 162 = 0, 0 = 5*t - z - 329 + 76. Let u = 54 + -37. Calculate the remainder when t is divided by u.
16
Let l(d) = -2*d**3 - d**2 + 3*d - 4. Suppose 8*n = 4*n - 20. Let y be (2 - n/(-4))*-4. Calculate the remainder when l(y) is divided by 11.
10
Let a(x) = -2*x - 1. What is the remainder when 16 is divided by a(-3)?
1
Let d(q) = -q**2 + 8*q - 1. Let k(f) = f**2 + 2*f + 4. Let u be k(-3). Suppose 1 + 21 = m. What is the remainder when m is divided by d(u)?
4
Suppose 10*p - 5*p - 13 = -v, -3*p = -4*v + 6. Suppose p + 86 = 4*b. Let q = -15 + b. Calculate the remainder when 19 is divided by q.
5
Let k(l) = -5*l**3 - 3*l**2 + 2*l - 2. Let f be k(-3). Suppose -3*y = -8*y + f. Suppose -3*r + y = -1. What is the remainder when 18 is divided by r?
4
Suppose -3*q + 4 + 5 = 0. Suppose 8*z - 65 = q*z. What is the remainder when 38 is divided by z?
12
Let f = -15 - -25. What is the remainder when 18 is divided by f?
8
Let t(z) = 2*z - 3. What is the remainder when t(3) is divided by 1?
0
Let j(m) = m**2 + 11*m + 14. Let n be j(-10). Suppose v = -0*v + n. What is the remainder when 6 is divided by v?
2
Suppose -g - 2*g = v - 59, v = -2*g + 62. Suppose -4*w = -d, 0 = -5*d + 2*w + w + v. Calculate the remainder when 61 is divided by d.
13
What is the remainder when 42/9*(2 - 22/(-4)) is divided by 18?
17
Suppose 0 = -s + 5*q + 21, s - 4*q - 3 = 16. Let t(u) = 2*u - 7. Let h be t(6). Suppose -3*p - 42 = -h*p. Calculate the remainder when p is divided by s.
10
Suppose c = -c. Suppose -2*n + 22 = y, 5*y - 100 = -5*n - c*n. Let k(r) = -6*r**3 + 2*r**2 + r. Calculate the remainder when y is divided by k(-1).
4
Let f = -13 - -24. Let d(u) = -20*u**3 + u**2 - 1. What is the remainder when d(-1) is divided by f?
9
Suppose -2*f = -n - 27, 0 = -f - 0*f + n + 12. Suppose 7 + 38 = 5*p. What is the remainder when f is divided by p?
6
Let w = -10 + 34. Calculate the remainder when w is divided by (-2)